 z(k).
-1
Suppose -3*p = -0*z - z - 24, -p + 8 = -5*z. Let f be (-9)/(-4) + (-2)/p. Let m(t) = -2*t + 2 - t + f*t. What is m(3)?
-1
Let i(k) = -4*k**3 + 3*k**3 + 7 - 6*k**2 + 4*k + 0*k**3 + 2*k**2. Determine i(-5).
12
Let q(s) be the third derivative of 0 - s**3 - 2*s**2 + 0*s - 1/24*s**4. Let d(w) = -w**3 + 5*w**2 - 5*w + 1. Let t be d(4). Determine q(t).
-3
Let x(s) = -s**2 - 4*s + 1. Suppose -21 = -5*k + 8*k - 4*w, 4*k - w = -15. Determine x(k).
4
Let c(z) = -z - 5. Let o be c(-7). Let m(q) = -q + 3 - 2 - o + 0. Suppose -7 = 3*v + 8. Calculate m(v).
4
Let j(m) = 7*m**2 + 7. Let t(o) = 6*o**2 - o + 6. Let f(k) = k. Let x be f(-6). Let d(z) = x*t(z) + 5*j(z). Let p be (-6)/(-21) - 104/(-28). What is d(p)?
7
Let p(z) = 2*z + 6. Let c be p(-4). Let r(q) = -q**3 + 2*q. Give r(c).
4
Let n(r) be the third derivative of -r**8/2240 + r**7/2520 - r**6/720 - r**5/120 + r**4/12 + r**2. Let m(f) be the second derivative of n(f). Give m(-1).
4
Let c(k) be the third derivative of 0*k + 1/12*k**4 + 1/20*k**5 + 1/6*k**3 + 1/60*k**6 + 0 - 2*k**2. Calculate c(-2).
-7
Let b(w) = 2*w + 3. Suppose 5*u = 9 + 36. Let j be -3*(-6)/u*-2. Determine b(j).
-5
Suppose 1 + 7 = 4*o. Let q(b) be the third derivative of 1/3*b**3 - 1/6*b**4 - 2*b**o + 0 + 0*b + 1/12*b**5 - 1/120*b**6. Give q(3).
8
Let s(f) = f**3 + 4*f**2 - 3*f + 7. Let r = -25 - -18. Let x = r + 2. Determine s(x).
-3
Let n(m) = -m**2 - 2*m - 2. Let z = -5 - -2. Calculate n(z).
-5
Let h(w) be the second derivative of -w**4/6 - w**3/3 + w**2/2 - w. Suppose 7 = 5*a - 8. Suppose a*d = -2*d - 10. Determine h(d).
-3
Let t(l) = -l - 4. Let p = -9 + 15. Give t(p).
-10
Let u(g) be the first derivative of -g**2/2 - 5*g - 6. Give u(-6).
1
Let s(h) be the third derivative of -h**5/60 - h**4/24 + 2*h**3/3 - 3*h**2. Let g(d) = -2*d**3 - 11*d**2 - 7*d - 6. Let i be g(-5). What is s(i)?
-16
Let q(d) = 8*d**3 + 9*d**2 + 8*d - 5. Let m(r) = 17*r**3 + 19*r**2 - 5 + 0 - 6 + 17*r. Let p(x) = 6*m(x) - 13*q(x). Determine p(-2).
7
Let j be -7 - (0 + 4/(-2)). Suppose -3*b = 2 + 1. Let d(a) = -a. Let u(c) = c - 3. Let g(n) = b*u(n) + j*d(n). Calculate g(-3).
-9
Suppose -v = -4*i - 2*v - 29, 2*i = -3*v - 17. Let n be 2/(3 + i)*-2. Let j(c) = -4*c + 1. Calculate j(n).
-3
Let a be (-2)/(-7) - (-46)/(-14). Let v(m) = 2*m**2 + 3*m + 4. What is v(a)?
13
Let c(u) = -u - 1. Let v(m) = -m**2 + 6*m - 5. Let h be v(5). Determine c(h).
-1
Suppose 0 = a + 3 - 4. Let p(l) = 2 - 1 - l + a + 0*l. What is p(2)?
0
Let v(s) = -s - 12. Let j be v(-9). Let y = j + 5. Let d(c) be the second derivative of -c**3/6 + c**2/2 - 7*c. Determine d(y).
-1
Let v(z) = -6*z**3 - 17*z**2 + 1 + 17*z**2. What is v(-1)?
7
Let k(x) be the third derivative of -x**4/24 + 11*x**3/6 - 2*x**2. Let f be k(8). Let u(w) = -f*w**2 + 4*w - w - 2*w. What is u(-1)?
-4
Let f(x) = -6*x**2 + 9. Let i(t) = -3*t**2 + 5. Let q(y) = 4*f(y) - 7*i(y). Calculate q(-2).
-11
Let h(y) be the third derivative of y**8/20160 - y**7/1680 + y**5/30 - y**2. Let n(u) be the third derivative of h(u). What is n(3)?
0
Let o(n) = 19*n**2 - 3*n - 2. Let i(c) = 10*c**2 - 2*c - 1. Let b(q) = 7*i(q) - 4*o(q). Determine b(1).
-7
Let x(h) = -h**2 - 5*h - 3. Let z be x(-6). Let v = -18 - z. Let p be 2 - 5/(15/v). Let f(q) = q**2 - 5*q - 1. Give f(p).
-1
Let m(b) = 11*b - 13. Let d be m(2). Let z(i) = -i**3 + 10*i**2 - 11*i + 7. Calculate z(d).
-11
Let j(l) = l**2 - 3*l - 2. Suppose d + 4 = -d - 2*i, -3*d - 4*i = 11. Let u = d - 5. Give j(u).
8
Let w(h) = 4*h**2 - 4*h**3 + 0*h**2 + 5*h**3 - h + 1 - 5*h**2. What is w(-2)?
-9
Let u(g) = 2*g - 4. Let b(p) = p**3 + p**2 - p - 2. Let y be b(2). Suppose -5*n = -4*o + 6*o + y, 0 = -3*n - 12. What is u(o)?
8
Let n(i) = 5*i - 5. Let p(d) = -5*d + 6. Let z(g) = -7*n(g) - 6*p(g). Give z(-2).
9
Let w(p) be the first derivative of p**3/3 - 3*p**2 - p + 4. Calculate w(4).
-9
Let o(a) = 2*a - 1. Let s be o(4). Let t(b) = 3*b + 1 - s*b + 7*b. Give t(-2).
-5
Let i(o) = o - 5. Let t(d) = -d - 3. Let c be t(-5). Suppose -m + 5*y + 10 = 0, -m + 5*y - c*y = -6. Give i(m).
-5
Suppose 5*u = d + 45 + 7, 3*u - 18 = 5*d. Let z(n) = 3*n**2 - n + 1. Let j be z(1). Let l(x) = j*x + 2*x**2 + 7*x + 1 - u*x. What is l(2)?
7
Let t(l) be the third derivative of l**4/6 - 2*l**3/3 + 78*l**2. Let g(b) = -4*b**3 - b**2 + b + 1. Let c be g(-1). Determine t(c).
8
Let s be (-493)/(-58) + (-1)/2. Let y(m) = -m**2 + 8*m - 10. Determine y(s).
-10
Let a(v) = 1 + 4 + 11*v - 3 - 4. Calculate a(2).
20
Let o(s) = -s - 9. Suppose -3*p - 4 = -19. Suppose p*c + 20 + 10 = 0. Let w be 2*1 + (c - -4). What is o(w)?
-9
Let l(z) be the third derivative of 1/24*z**4 + z**2 + 1/120*z**6 + 0 - 1/60*z**5 - 4/3*z**3 + 0*z. Calculate l(0).
-8
Let x(m) be the third derivative of m**6/120 - m**5/12 + m**4/6 - 5*m**3/6 + m**2. Suppose 2 = 4*l - 14. What is x(l)?
-5
Let v(q) = -q**3 + 5*q**2 - 4*q + 5. Let y(b) = -6*b**3 + 25*b**2 - 20*b + 24. Let u(g) = -11*v(g) + 2*y(g). Give u(-6).
5
Suppose -5*u - 6 = 4*w, -4*w + 4 - 2 = u. Let x(j) = 4*j. Calculate x(u).
-8
Let i be 4/(-14) - (-148)/28. Let n(g) = 3*g - 3. Let a(d) = 5*d - 5. Let m(j) = -5*a(j) + 8*n(j). Let v(h) = 5*h - 11. Let t(y) = 4*m(y) + v(y). Give t(i).
-2
Let r(l) = 7*l**2 - 1. Suppose -2*m + 4*c - 18 = 0, 8*c = 2*m + 7*c + 6. Determine r(m).
6
Let n be 0 - (-2 - -1)*5. Let x = 6 - 3. Let z(w) = 2*w**2 + 1 - 6*w**2 - w**3 - x*w**3 + 5*w**3 - 5*w. Calculate z(n).
1
Let x(c) be the third derivative of c**9/60480 + c**8/5040 - c**7/1008 - c**6/180 - 3*c**5/20 + 6*c**2. Let q(j) be the third derivative of x(j). Give q(-5).
-4
Suppose -5*j - 2*s = -17, -5*s + 0*s = 4*j. Let b(z) = -j*z**2 + 2*z**2 - z - z**2. Determine b(1).
-5
Let h(p) = p - 4. Let v be h(6). Suppose a - v*a = 3. Let b(z) = -z + 2. What is b(a)?
5
Suppose w - 5*l = -l + 1, 3*w + l = 16. Let z be (14/21)/(2/21). Let x(q) = 3 + q - 6 + z. Calculate x(w).
9
Suppose w = -3*p - 8, 3*p + 23 = -5*w - 5. Let c(r) be the third derivative of 11*r**5/60 + r**4/24 + r**3/6 - 3*r**2. What is c(p)?
11
Let z(a) = a - 2. Let c be z(0). Suppose 9*n - 11*n - 10 = 0. Let q = c - n. Let g(x) = -x**3 + 4*x**2. Give g(q).
9
Let z(p) be the second derivative of p**5/20 + 5*p**4/12 - 4*p**3/3 - 2*p**2 + 5*p. Calculate z(-6).
8
Let k(g) be the second derivative of g**5/20 - 7*g**4/12 - g**3/6 + 7*g**2/2 - 7*g - 1. Determine k(7).
0
Let s(a) = 2*a - 4*a**3 + 3*a**3 + 3 + 5*a**2 - 4 - 1. Calculate s(5).
8
Let c(p) be the third derivative of -1/60*p**5 + 0*p + 1/24*p**4 + p**2 + 0 + 2/3*p**3. Calculate c(-3).
-8
Let d(p) be the third derivative of p**6/120 + p**5/10 - p**4/12 - 5*p**3/6 - 4*p**2. Determine d(-6).
7
Let g(x) = -4*x - 3. Suppose -3*v - 7 = 2*s, -3*v + 3*s = -4*v. Calculate g(v).
9
Let l = 8 + -17. Let x = l + 4. Let y(v) = -v + 1. What is y(x)?
6
Let x(v) be the second derivative of -v**3/6 - v**2 - 3*v. Suppose -y = -5*z - 29, -z + 3*y = 4*z + 37. What is x(z)?
3
Let s(w) = -2*w + 1 - 12*w + 4*w. Determine s(1).
-9
Let l(f) = -f**2 + 7*f - 3. Suppose 9 = 3*x - 3*z - 3, -4*x - z + 21 = 0. Calculate l(x).
7
Let z(j) = 11*j - 1. Let y(i) = 6*i - 3*i - 4*i. Let b(m) = y(m) - z(m). What is b(1)?
-11
Let m(q) be the first derivative of -9*q**4/4 + q**2/2 + 18. Determine m(1).
-8
Let u = 11 - 7. Let y(x) = -3 + 0 - u*x + 0 + 4. Give y(-1).
5
Suppose 0 = -91*m + 88*m - 9. Let v(w) = -7*w + 4. What is v(m)?
25
Let t(j) = 3*j - 2. Suppose 5*i - 8 = 12. Suppose 0 = i*b + 5*c - 23, 2*b - 3*c - 19 = -8*c. What is t(b)?
4
Let a(p) = -p. Let d = 8 + -13. Let q be 0*1/3 - d. What is a(q)?
-5
Let g(n) = -n**2 + 11*n - 11. Let x be g(10). Let f(k) be the second derivative of k**4/6 + k**3/6 - k. Calculate f(x).
1
Suppose d - 1 = -0. Let u be (0 + 1)/(1/d). Let t = 0 - u. Let b(q) = 2*q - 1. Give b(t).
-3
Let z(g) = 11*g**2 + g + 1. Let f(d) = 4*d**2. Let a(m) = 8*f(m) - 3*z(m). Give a(-2).
-1
Let f(g) = 2*g - 7. Let v(i) = 8*i - 28. Let h(s) = -9*f(s) + 2*v(s). What is h(6)?
-5
Let d(r) = -3*r - 8. Let a(i) = 4*i + 7. Let z(v) = 7*a(v) + 6*d(v). Let f be (-1)/8 - (-12 - (-1339)/104). Determine z(f).
-9
Let n(b) = -11*b - 4. Let c(d) = -10*d - 5. Let p(x) = -4*c(x) + 3*n(x). Let i(t) = t. Let l(w) = 6*i(w) - p(w). Calculate l(0).
-8
Let l(i) = 4*i**2 - 3*i - 1 - 5*i**2 - 1. Let g = 3 - -1. Suppose 0 = 4*y - 3*v + 14, g*y = -8*v 